base 6, what is 3 - 3140?
-3133
In base 9, what is -3036 - -160?
-2766
In base 7, what is -4643 + -1510?
-6453
In base 14, what is -13 - 1b041?
-1b054
In base 6, what is 514155 - 423?
513332
In base 3, what is 1000211001 - -2?
1000211010
In base 16, what is -5f6862 + 2?
-5f6860
In base 8, what is -13412 + -33?
-13445
In base 14, what is 61 - -5067?
50c8
In base 7, what is 2 - -1064625?
1064630
In base 15, what is ac + -181b?
-175e
In base 10, what is -12251 + 1?
-12250
In base 11, what is 25 - 411?
-397
In base 3, what is 220222 + -10?
220212
In base 15, what is -64ac77 + -1?
-64ac78
In base 5, what is -20 + 1402?
1332
In base 12, what is -75a + 106?
-654
In base 16, what is 1012e5 + 7?
1012ec
In base 8, what is -21366 - 6?
-21374
In base 12, what is 922b03 + 4?
922b07
In base 12, what is 4417 + -31?
43a6
In base 12, what is 2542 - 10?
2532
In base 11, what is 4 - 2a766?
-2a762
In base 11, what is -1a6 - 8a77?
-9172
In base 13, what is 15 + -557?
-542
In base 15, what is 1293e + 3?
12942
In base 5, what is -203004 - 4?
-203013
In base 5, what is -110 - -1444342?
1444232
In base 15, what is -5a1 + c9?
-4c7
In base 11, what is -1 - -29?
28
In base 10, what is -482813 - -9?
-482804
In base 14, what is -d8db - -18?
-d8c3
In base 5, what is -10032 - 122?
-10204
In base 14, what is 684d + 3?
6852
In base 4, what is -2 + -2132120?
-2132122
In base 7, what is -132 - -246215?
246053
In base 14, what is -83 + 7447?
73a4
In base 7, what is -64 - -6131?
6034
In base 10, what is -22768 + 4?
-22764
In base 15, what is 19a99 - b?
19a8d
In base 6, what is -11 - 10501?
-10512
In base 14, what is -1 + -19bb7?
-19bb8
In base 8, what is 4233 - -20?
4253
In base 9, what is -3 + 1505?
1502
In base 2, what is 10010111101 - -11100100?
10110100001
In base 13, what is 8 - -2489?
2494
In base 10, what is -12 - -139651?
139639
In base 3, what is -212 - 10200010020?
-10200011002
In base 15, what is 6c63a + -5?
6c635
In base 5, what is 2342431 - 1?
2342430
In base 15, what is c803d + -3?
c803a
In base 6, what is 11 - 45003?
-44552
In base 12, what is 5 - -161165?
16116a
In base 2, what is -100110110101111100 - 100?
-100110110110000000
In base 2, what is 1 + -11111111010111011?
-11111111010111010
In base 11, what is a - 145?
-136
In base 16, what is 6c6 + -a?
6bc
In base 14, what is -42 - -5da?
598
In base 15, what is -6 + -70d1?
-70d7
In base 16, what is -8938 - 121?
-8a59
In base 9, what is -5 + -3058?
-3064
In base 8, what is 747 - 211?
536
In base 8, what is -1514 + 7?
-1505
In base 5, what is 24 + 21440?
22014
In base 4, what is -102020220 + 1?
-102020213
In base 11, what is -1266 - -143?
-1123
In base 2, what is -101011111000 + 1?
-101011110111
In base 10, what is -1188 + 21?
-1167
In base 13, what is 219 - -2?
21b
In base 12, what is a - -9119b?
911a9
In base 3, what is -21 + 111200201220?
111200201122
In base 6, what is -2145532 - 12?
-2145544
In base 9, what is 0 - -66800?
66800
In base 3, what is -12011021111 + -11?
-12011021122
In base 5, what is -244 - 11410?
-12204
In base 7, what is -11231 - -13?
-11215
In base 4, what is -32033 + 23?
-32010
In base 13, what is -1a + -1453?
-1470
In base 7, what is -2150 - -15?
-2132
In base 16, what is 2 - -1af75?
1af77
In base 11, what is 871a9 + -5?
871a4
In base 5, what is 300104 - -3?
300112
In base 13, what is -2 - -a6b11?
a6b0c
In base 9, what is 55638 - -6?
55645
In base 9, what is 177 - -717?
1005
In base 13, what is -3 - 1785?
-1788
In base 7, what is 13255 - -11?
13266
In base 12, what is 259 + -9a?
17b
In base 6, what is 33 - -10431?
10504
In base 14, what is 238d8 + -3?
238d5
In base 11, what is 0 + -26219?
-26219
In base 11, what is 5 + -183982?
-183978
In base 11, what is -79 - -5148?
507a
In base 9, what is 67253 + -16?
67236
In base 13, what is -6 - 186?
-18c
In base 13, what is 863ab + 2?
863b0
In base 14, what is 256b + 0?
256b
In base 11, what is -13523 - 34?
-13557
In base 14, what is -10b6318 - 2?
-10b631a
In base 15, what is 2d8 + -159?
17e
In base 6, what is -2233 + 305?
-1524
In base 12, what is -5 + -4783?
-4788
In base 5, what is -340 + -113432?
-114322
In base 8, what is 6037400 - 4?
6037374
In base 5, what is 10334 - 1333?
4001
In base 9, what is 210308 - -2?
210311
In base 5, what is 4 - 20311042?
-20311033
In base 3, what is 1022110 - -2020121?
10120001
In base 2, what is 110101011100010111 + 1?
110101011100011000
In base 3, what is 12 + 11100012120?
11100012202
In base 14, what is -2d0 + 71?
-25d
In base 15, what is -3 - -3c65d?
3c65a
In base 9, what is -2146634 - -5?
-2146628
In base 11, what is -3a5 + -489?
-883
In base 9, what is 23 + -43456?
-43433
In base 8, what is -54 + 167?
113
In base 8, what is -4175 - 643?
-5040
In base 12, what is -15b0 + 907?
-8a5
In base 11, what is 2aa805 - -a?
2aa814
In base 14, what is 2c073 - -2?
2c075
In base 2, what is 1001 + 1111011?
10000100
In base 5, what is 113331134 - 3?
113331131
In base 4, what is -11 + -1221231?
-1221302
In base 9, what is 63 + 6867?
7041
In base 12, what is -15840 - -4?
-15838
In base 10, what is 1901 + -82?
1819
In base 3, what is 12 + -21021100?
-21021011
In base 7, what is -655536 - 10?
-655546
In base 10, what is -91640 - 1?
-91641
In base 14, what is ab + 18?
c5
In base 3, what is 110 - 20222021?
-20221211
In base 10, what is -19184 + -26?
-19210
In base 5, what is 4100 - 2134?
1411
In base 16, what is -3 + -ff9?
-ffc
In base 8, what is 20 + -521576?
-521556
In base 3, what is 10210010 - -200?
10210210
In base 12, what is -18 - -93a?
922
In base 7, what is -16565 - 0?
-16565
In base 3, what is -10222111 - 2?
-10222120
In base 9, what is -231 - 5152?
-5383
In base 4, what is -2 + -123233?
-123301
In base 7, what is -1162 + 5511?
4316
In base 16, what is a6e - -25?
a93
In base 5, what is 10422241 + -1?
10422240
In base 12, what is 80872 + -3?
8086b
In base 3, what is -1100100 + 11112?
-1011211
In base 10, what is 40159 - -2?
40161
In base 5, what is -402 + -12421?
-13323
In base 15, what is 3 + -80a55?
-80a52
In base 2, what is 101101100100101 + -10?
101101100100011
In base 9, what is -36144 - 33?
-36177
In base 5, what is -33021032 + -2?
-33021034
In base 5, what is 3323 - 24?
3244
In base 12, what is 3 - -3114b1?
3114b4
In base 3, what is 11010 + -2010?
2000
In base 9, what is -5 - -34527?
34522
In base 15, what is 3432 - -46?
3478
In base 2, what is 110110110 - 100011001?
10011101
In base 8, what is -4 - -1407117?
1407113
In base 10, what is -11747 - 11?
-11758
In base 6, what is 5313052 + -1?
5313051
In base 2, what is 1 + 110011100110010?
110011100110011
In base 2, what is 100110100110000100 - 11?
100110100110000001
In base 7, what is -5 - 44331?
-44336
In base 7, what is 2646352 + 0?
2646352
In base 16, what is -15bc - 72?
-162e
In base 5, what is 4022 - -1342?
10414
In base 6, what is 11 + 345553?
350004
In base 7, what is 152251 - 4?
152244
In base 12, what is -200112 - -1?
-200111
In base 3, what is -10221 + 10101010?
10020012
In base 4, what is 2121011 - 102?
2120303
In base 14, what is -2 - -abba?
abb8
In base 11, what is -2 + -477a2?
-477a4
In base 3, what is -22221 + -2120?
-102111
In base 15, what is 0 - -90828?
90828
In base 2, what is 101011 + -1010011?
-101000
In base 12, what is 3 + 964?
967
In base 9, what is -3213 - -14?
-3188
In base 11, what is 1476 + -6?
1470
In base 4, what is -113002020 + -11?
-113002031
In base 11, what is 1404 - 95?
131a
In base 13, what is 621b2 + -2?
621b0
In base 14, what is 8513 + 2?
8515
In base 13, what is -49 + 71?
25
In base 12, what is 14 + 15a706?
15a71a
In base 3, what is -100020 - 2122?
-102212
In base 10, what is 711 + 1639?
2350
In base 6, what is 11353154 + 3?
11353201
In base 10, what is 68507 + 1?
68508
In base 2, what is 1010010100110100 - -10?
1010010100110110
In base 16, what is -3 + -103c?
-103f
In base 2, what is 1 + -11110010100100110000?
-11110010100100101111
In base 6, what is 353041 - -13?
353054
In base 10, what is 903 - -5?
908
In base 6, what is 10525 - -212?
11141
In base 2, what is -11110 - -1101000111?
1100101001
In base 16, what is -1dfd + 26?
-1dd7
In base 10, what is -1048 - 290?
-1338
In base 9, what is 317100 + 3?
317103
In base 5, what is 1 + 33342?
33343
In base 15, what is -2c - -7b7?
78a
In base 12, what is -a0 - -37b?
29b
In base 16, what i